{"id":17445,"date":"2024-12-20T11:25:39","date_gmt":"2024-12-20T11:25:39","guid":{"rendered":"https:\/\/www.upv.es\/congresos\/sinerca\/?page_id=17445"},"modified":"2026-03-07T11:15:37","modified_gmt":"2026-03-07T11:15:37","slug":"horarios","status":"publish","type":"page","link":"https:\/\/www.upv.es\/congresos\/sinerca\/horarios\/","title":{"rendered":"Programa del congreso"},"content":{"rendered":"\n<p>El programa del congreso todav\u00eda se est\u00e1 preparando. <\/p>\n\n\n\n<p>En funci\u00f3n del n\u00famero de comunicaciones presentadas realizaremos el congreso en 1 d\u00eda o en 2 d\u00edas. En caso de realizarse en 1 solo d\u00eda se realizar\u00eda el jueves 2 de julio 2026.<\/p>\n\n\n\n<p>Para este a\u00f1o tendremos una conferencia plenaria inaugural y una conferencia plenaria de clausura. Acabaremos seguro con un programa social en el que podremos disfrutar y relajarnos despu\u00e9s de un d\u00eda intenso de aprendizajes.<\/p>\n\n\n\n<p><\/p>\n","protected":false},"excerpt":{"rendered":"<p>El programa del congreso todav\u00eda se est\u00e1 preparando. En funci\u00f3n del n\u00famero de comunicaciones presentadas realizaremos el congreso en 1 d\u00eda o en 2 d\u00edas. En caso de realizarse en 1 solo d\u00eda se realizar\u00eda el jueves 2 de julio [&hellip;]<\/p>\n","protected":false},"author":52,"featured_media":0,"parent":0,"menu_order":23,"comment_status":"closed","ping_status":"closed","template":"","meta":{"footnotes":""},"wf_page_folders":[322],"class_list":["post-17445","page","type-page","status-publish","hentry","wf_page_folders-inscripcion"],"_links":{"self":[{"href":"https:\/\/www.upv.es\/congresos\/sinerca\/wp-json\/wp\/v2\/pages\/17445","targetHints":{"allow":["GET"]}}],"collection":[{"href":"https:\/\/www.upv.es\/congresos\/sinerca\/wp-json\/wp\/v2\/pages"}],"about":[{"href":"https:\/\/www.upv.es\/congresos\/sinerca\/wp-json\/wp\/v2\/types\/page"}],"author":[{"embeddable":true,"href":"https:\/\/www.upv.es\/congresos\/sinerca\/wp-json\/wp\/v2\/users\/52"}],"replies":[{"embeddable":true,"href":"https:\/\/www.upv.es\/congresos\/sinerca\/wp-json\/wp\/v2\/comments?post=17445"}],"version-history":[{"count":28,"href":"https:\/\/www.upv.es\/congresos\/sinerca\/wp-json\/wp\/v2\/pages\/17445\/revisions"}],"predecessor-version":[{"id":18221,"href":"https:\/\/www.upv.es\/congresos\/sinerca\/wp-json\/wp\/v2\/pages\/17445\/revisions\/18221"}],"wp:attachment":[{"href":"https:\/\/www.upv.es\/congresos\/sinerca\/wp-json\/wp\/v2\/media?parent=17445"}],"wp:term":[{"taxonomy":"wf_page_folders","embeddable":true,"href":"https:\/\/www.upv.es\/congresos\/sinerca\/wp-json\/wp\/v2\/wf_page_folders?post=17445"}],"curies":[{"name":"wp","href":"https:\/\/api.w.org\/{rel}","templated":true}]}}