{"id":17429,"date":"2024-12-20T11:15:25","date_gmt":"2024-12-20T11:15:25","guid":{"rendered":"https:\/\/www.upv.es\/congresos\/sinerca\/?page_id=17429"},"modified":"2026-02-24T17:52:33","modified_gmt":"2026-02-24T17:52:33","slug":"historia","status":"publish","type":"page","link":"https:\/\/www.upv.es\/congresos\/sinerca\/historia\/","title":{"rendered":"Historia"},"content":{"rendered":"\n<p style=\"text-align: justify;\">Este congreso, creado en 2013 e impulsado desde la UPV-Campus d\u2019Alcoi, naci\u00f3 con el objetivo de ofrecer a los investigadores un espacio para presentar sus l\u00edneas de investigaci\u00f3n m\u00e1s recientes y, a partir de ellas, fomentar la generaci\u00f3n de ideas y sinergias de colaboraci\u00f3n entre los distintos grupos.<\/p> \n<p style=\"line-height: 0.3;\">\n<p style=\"text-align: justify;\">En su primera edici\u00f3n participaron 8 grupos de investigaci\u00f3n, integrados por 45 investigadores, que presentaron sus principales fortalezas, y se registraron un total de 40 comunicaciones.<\/p>\n\n\n\n<figure class=\"wp-block-image size-large\"><img loading=\"lazy\" decoding=\"async\" width=\"1024\" height=\"683\" src=\"https:\/\/www.upv.es\/congresos\/sinerca\/wp-content\/uploads\/2025\/07\/dsc_4534_54639072240_o-1024x683.jpg\" alt=\"\" class=\"wp-image-18026\" srcset=\"https:\/\/www.upv.es\/congresos\/sinerca\/wp-content\/uploads\/2025\/07\/dsc_4534_54639072240_o-1024x683.jpg 1024w, https:\/\/www.upv.es\/congresos\/sinerca\/wp-content\/uploads\/2025\/07\/dsc_4534_54639072240_o-300x200.jpg 300w, https:\/\/www.upv.es\/congresos\/sinerca\/wp-content\/uploads\/2025\/07\/dsc_4534_54639072240_o-768x512.jpg 768w, https:\/\/www.upv.es\/congresos\/sinerca\/wp-content\/uploads\/2025\/07\/dsc_4534_54639072240_o-1536x1024.jpg 1536w, https:\/\/www.upv.es\/congresos\/sinerca\/wp-content\/uploads\/2025\/07\/dsc_4534_54639072240_o-2048x1365.jpg 2048w, https:\/\/www.upv.es\/congresos\/sinerca\/wp-content\/uploads\/2025\/07\/dsc_4534_54639072240_o-980x654.jpg 980w\" sizes=\"auto, (max-width: 1024px) 100vw, 1024px\" \/><\/figure>\n\n\n\n<p style=\"text-align: justify;\">Durante las ediciones anteriores se han celebrado 9 sesiones plenarias, impartidas por Beatriz Andr\u00e9s Navarro, Juan Francisco Pic\u00f3 Silvestre, Mar\u00eda Dolores Samper Madrigal, B\u00e0rbara Mic\u00f3 Vicent, Marina Patricia Arrieta Dill\u00f3n, Iv\u00e1n Sciscenko, Daniel L\u00f3pez Rodr\u00edguez, Harrison De la Rosa Ram\u00edrez, Xavier A. Mart\u00edn Solano y Juan Segu\u00ed Moreno.\n<p style=\"line-height: 0.5;\">\n<p style=\"text-align: justify;\">Todas ellas han abordado, desde perspectivas diversas, temas de ingenier\u00eda muy variados y de gran inter\u00e9s.<\/p>\n\n\n\n<figure class=\"wp-block-embed is-type-video is-provider-youtube wp-block-embed-youtube wp-embed-aspect-16-9 wp-has-aspect-ratio\"><div class=\"wp-block-embed__wrapper\">\n<iframe loading=\"lazy\" title=\"Inauguraci\u00f3n y plenaria del XII congreso Creando Sinergias de I+d+i del Campus de Alcoy de la UPV\" width=\"980\" height=\"551\" src=\"https:\/\/www.youtube.com\/embed\/YFx1ptssWMo?feature=oembed\" frameborder=\"0\" allow=\"accelerometer; autoplay; clipboard-write; encrypted-media; gyroscope; picture-in-picture; web-share\" referrerpolicy=\"strict-origin-when-cross-origin\" allowfullscreen><\/iframe>\n<\/div><\/figure>\n\n\n\n<p><p style=\"text-align: justify;\">Desde el comit\u00e9 del congreso siempre se ha procurado estructurar las sesiones por tem\u00e1ticas afines, con el fin de facilitar el seguimiento de las presentaciones y aumentar el inter\u00e9s de los asistentes. Esta organizaci\u00f3n favorece el debate, la participaci\u00f3n y la identificaci\u00f3n de puntos en com\u00fan entre l\u00edneas de trabajo.\n<p><p style=\"text-align: justify;\">Adem\u00e1s, ha sido especialmente enriquecedor escuchar a investigadores de otros campus e incluso de otras universidades y centros de investigaci\u00f3n, aportando perspectivas complementarias y abriendo nuevas oportunidades de colaboraci\u00f3n.<\/p><\/p>\n\n\n\n<p style=\"text-align: justify;\">Como el congreso se desarrolla en sesiones de ma\u00f1ana y tarde, siempre se han incluido los descansos necesarios, con <em>coffee breaks<\/em> y una comida de hermandad para reponer fuerzas.&nbsp;<\/p>\n\n\n\n<figure class=\"wp-block-gallery has-nested-images columns-default is-cropped wp-block-gallery-1 is-layout-flex wp-block-gallery-is-layout-flex\">\n<figure class=\"wp-block-image size-large\"><img loading=\"lazy\" decoding=\"async\" width=\"1024\" height=\"768\" data-id=\"18024\" src=\"https:\/\/www.upv.es\/congresos\/sinerca\/wp-content\/uploads\/2025\/07\/P_20250703_142003_1-1024x768.jpg\" alt=\"\" class=\"wp-image-18024\" srcset=\"https:\/\/www.upv.es\/congresos\/sinerca\/wp-content\/uploads\/2025\/07\/P_20250703_142003_1-1024x768.jpg 1024w, https:\/\/www.upv.es\/congresos\/sinerca\/wp-content\/uploads\/2025\/07\/P_20250703_142003_1-300x225.jpg 300w, https:\/\/www.upv.es\/congresos\/sinerca\/wp-content\/uploads\/2025\/07\/P_20250703_142003_1-768x576.jpg 768w, https:\/\/www.upv.es\/congresos\/sinerca\/wp-content\/uploads\/2025\/07\/P_20250703_142003_1-1536x1152.jpg 1536w, https:\/\/www.upv.es\/congresos\/sinerca\/wp-content\/uploads\/2025\/07\/P_20250703_142003_1-2048x1536.jpg 2048w\" sizes=\"auto, (max-width: 1024px) 100vw, 1024px\" \/><\/figure>\n\n\n\n<figure class=\"wp-block-image size-large\"><img loading=\"lazy\" decoding=\"async\" width=\"1024\" height=\"768\" data-id=\"18025\" src=\"https:\/\/www.upv.es\/congresos\/sinerca\/wp-content\/uploads\/2025\/07\/P_20250703_141946-1024x768.jpg\" alt=\"\" class=\"wp-image-18025\" srcset=\"https:\/\/www.upv.es\/congresos\/sinerca\/wp-content\/uploads\/2025\/07\/P_20250703_141946-1024x768.jpg 1024w, https:\/\/www.upv.es\/congresos\/sinerca\/wp-content\/uploads\/2025\/07\/P_20250703_141946-300x225.jpg 300w, https:\/\/www.upv.es\/congresos\/sinerca\/wp-content\/uploads\/2025\/07\/P_20250703_141946-768x576.jpg 768w, https:\/\/www.upv.es\/congresos\/sinerca\/wp-content\/uploads\/2025\/07\/P_20250703_141946-1536x1152.jpg 1536w, https:\/\/www.upv.es\/congresos\/sinerca\/wp-content\/uploads\/2025\/07\/P_20250703_141946-2048x1536.jpg 2048w\" sizes=\"auto, (max-width: 1024px) 100vw, 1024px\" \/><\/figure>\n<\/figure>\n\n\n\n<p style=\"text-align: justify;\">La participaci\u00f3n en el congreso siempre ha sido muy positiva, tanto por el n\u00famero de comunicaciones como por su calidad. La 12.\u00aa edici\u00f3n alcanz\u00f3 el m\u00e1ximo de asistencia, con 92 inscritos y 208 autores.<\/p>\n\n\n\n<figure class=\"wp-block-image size-large\"><img decoding=\"async\" src=\"https:\/\/www.upv.es\/congresos\/sinerca\/wp-content\/uploads\/2025\/07\/Historico-congreso-Sinergias-1-scaled.jpg\" alt=\"\"\/><\/figure>\n\n\n\n<p style=\"text-align: justify;\">Desde el comit\u00e9 deseamos que este congreso siga generando sinergias y crezca con el nuevo talento que participa. En las \u00faltimas ediciones, adem\u00e1s, ha sido un espacio para que el alumnado presente sus TFG y TFM, y para que los doctorandos expongan sus trabajos en el marco de los requisitos establecidos por sus programas de doctorado.<\/p>\n\n\n\n<p><strong>\u00a1Confiamos en que seas part\u00edcipe de nuestra historia!&nbsp;<\/strong><\/p>\n","protected":false},"excerpt":{"rendered":"<p>Este congreso, creado en 2013 e impulsado desde la UPV-Campus d\u2019Alcoi, naci\u00f3 con el objetivo de ofrecer a los investigadores un espacio para presentar sus l\u00edneas de investigaci\u00f3n m\u00e1s recientes y, a partir de ellas, fomentar la generaci\u00f3n de ideas [&hellip;]<\/p>\n","protected":false},"author":52,"featured_media":0,"parent":0,"menu_order":16,"comment_status":"closed","ping_status":"closed","template":"","meta":{"footnotes":""},"wf_page_folders":[202],"class_list":["post-17429","page","type-page","status-publish","hentry","wf_page_folders-el-congreso"],"_links":{"self":[{"href":"https:\/\/www.upv.es\/congresos\/sinerca\/wp-json\/wp\/v2\/pages\/17429","targetHints":{"allow":["GET"]}}],"collection":[{"href":"https:\/\/www.upv.es\/congresos\/sinerca\/wp-json\/wp\/v2\/pages"}],"about":[{"href":"https:\/\/www.upv.es\/congresos\/sinerca\/wp-json\/wp\/v2\/types\/page"}],"author":[{"embeddable":true,"href":"https:\/\/www.upv.es\/congresos\/sinerca\/wp-json\/wp\/v2\/users\/52"}],"replies":[{"embeddable":true,"href":"https:\/\/www.upv.es\/congresos\/sinerca\/wp-json\/wp\/v2\/comments?post=17429"}],"version-history":[{"count":35,"href":"https:\/\/www.upv.es\/congresos\/sinerca\/wp-json\/wp\/v2\/pages\/17429\/revisions"}],"predecessor-version":[{"id":18178,"href":"https:\/\/www.upv.es\/congresos\/sinerca\/wp-json\/wp\/v2\/pages\/17429\/revisions\/18178"}],"wp:attachment":[{"href":"https:\/\/www.upv.es\/congresos\/sinerca\/wp-json\/wp\/v2\/media?parent=17429"}],"wp:term":[{"taxonomy":"wf_page_folders","embeddable":true,"href":"https:\/\/www.upv.es\/congresos\/sinerca\/wp-json\/wp\/v2\/wf_page_folders?post=17429"}],"curies":[{"name":"wp","href":"https:\/\/api.w.org\/{rel}","templated":true}]}}