{"id":17333,"date":"2023-02-21T11:40:52","date_gmt":"2023-02-21T11:40:52","guid":{"rendered":"https:\/\/www.upv.es\/congresos\/sinerca\/?page_id=17333"},"modified":"2026-05-15T09:26:06","modified_gmt":"2026-05-15T09:26:06","slug":"comite","status":"publish","type":"page","link":"https:\/\/www.upv.es\/congresos\/sinerca\/comite\/","title":{"rendered":"Comit\u00e9"},"content":{"rendered":"\n<p>Se puede ver en este&nbsp;<a href=\"https:\/\/www.upv.es\/congresos\/sinerca\/wp-content\/uploads\/2026\/03\/Historico-comites-XIII.pdf\">enlace<\/a>&nbsp;los comit\u00e9s formados en las ediciones anteriores. En esta&nbsp;XIII edici\u00f3n, el comit\u00e9 lo forman los siguientes integrantes:<\/p>\n\n\n\n<h2 class=\"wp-block-heading\">Presidente comit\u00e9 organizador<\/h2>\n\n\n\n<p><a href=\"https:\/\/www.upv.es\/ficha-personal\/JORJORNU\" target=\"_blank\" rel=\"noreferrer noopener\">Jorge Jord\u00e1n N\u00fa\u00f1ez<\/a> &#8211; Dpto. Ingenier\u00eda Gr\u00e1fica<\/p>\n\n\n\n<h2 class=\"wp-block-heading\">Comit\u00e9 organizador<\/h2>\n\n\n\n<ul class=\"wp-block-list\">\n<li><a href=\"https:\/\/www.upv.es\/ficha-personal\/hublagi\">Hugo Blanes Giner<\/a> &#8211; Dpto. Ingenier\u00eda Gr\u00e1fica<\/li>\n\n\n\n<li><a href=\"https:\/\/www.upv.es\/ficha-personal\/amjorvi\" target=\"_blank\" rel=\"noreferrer noopener\">Amparo Jord\u00e1 Vilaplana<\/a> &#8211; Dpto. Ingenier\u00eda Gr\u00e1fica<\/li>\n\n\n\n<li><a href=\"https:\/\/www.upv.es\/ficha-personal\/anfo1\">Andreea Elena Fota Dochia<\/a> &#8211; Dpto. Organizaci\u00f3n de Empresas<\/li>\n\n\n\n<li><a href=\"https:\/\/www.upv.es\/ficha-personal\/djuarez\">David Ju\u00e1rez Var\u00f3n<\/a> &#8211; Dpto. Ingenier\u00eda Mec\u00e1nica y de Materiales<\/li>\n\n\n\n<li><a href=\"https:\/\/www.upv.es\/ficha-personal\/neugarsa\">Neus Garrido S\u00e1ez<\/a> &#8211; Dpto. Matem\u00e1tica Aplicada<\/li>\n\n\n\n<li><a href=\"https:\/\/www.upv.es\/ficha-personal\/rugalsar\">Ruzana Galstyan Sargsyan<\/a> &#8211; Dpto. Ling\u00fc\u00edstica Aplicada<\/li>\n\n\n\n<li><a href=\"https:\/\/www.upv.es\/ficha-personal\/ostrudom\" target=\"_blank\" rel=\"noreferrer noopener\">\u00d3scar Trull Dom\u00ednguez<\/a> &#8211; Dpto. Estad\u00edstica e Investigaci\u00f3n Operativa Aplicadas y Calidad<\/li>\n\n\n\n<li><a href=\"https:\/\/www.upv.es\/ficha-personal\/ismonbel\">Isaac Montava Belda<\/a> &#8211; Dpto. Mec\u00e1nica de los Medios Continuos y Teor\u00eda de Estructuras<\/li>\n\n\n\n<li><a href=\"https:\/\/www.upv.es\/ficha-personal\/juaivmar\">Juan Ivorra Mart\u00ednez<\/a> &#8211; Instituto Universitario de Investigaci\u00f3n de Tecnolog\u00eda de Materiales (IUITM)<\/li>\n\n\n\n<li><a href=\"https:\/\/www.upv.es\/ficha-personal\/jotomi\">Jos\u00e9 Vicente Tom\u00e1s Miquel<\/a> &#8211; Dpto. Organizaci\u00f3n de Empresas<\/li>\n\n\n\n<li><a href=\"https:\/\/www.upv.es\/ficha-personal\/frasamo\">Francisco Salas Molina<\/a> &#8211; Dpto. Econom\u00eda y Ciencias Sociales<\/li>\n<\/ul>\n\n\n\n<hr class=\"wp-block-separator has-alpha-channel-opacity\"\/>\n\n\n\n<h2 class=\"wp-block-heading\">Presidente comit\u00e9 cient\u00edfico<\/h2>\n\n\n\n<p><a href=\"https:\/\/www.upv.es\/ficha-personal\/dalorod\" target=\"_blank\" rel=\"noreferrer noopener\">Daniel L\u00f3pez Rodr\u00edguez<\/a> &#8211; Dpto. Matem\u00e1tica Aplicada<\/p>\n\n\n\n<h2 class=\"wp-block-heading\">Comit\u00e9 cient\u00edfico<\/h2>\n\n\n\n<ul class=\"wp-block-list\">\n<li><a href=\"https:\/\/www.upv.es\/ficha-personal\/juasemo\">Juan Segu\u00ed Moreno<\/a> &#8211; Dpto. Inform\u00e1tica de Sistemas y Computadores<\/li>\n\n\n\n<li><a href=\"https:\/\/www.upv.es\/ficha-personal\/JOATAAP\">Joaquin Jose Taverner Aparicio<\/a> &#8211; Dpto. Sistemas Inform\u00e1ticos y Computaci\u00f3n<\/li>\n\n\n\n<li><a href=\"https:\/\/www.upv.es\/ficha-personal\/pbernabe\">Pablo Andr\u00e9s Bernabeu Soler<\/a> &#8211; Dpto. Comunicaciones<\/li>\n\n\n\n<li><a href=\"https:\/\/www.upv.es\/ficha-personal\/dagarga4\" target=\"_blank\" rel=\"noreferrer noopener\">Daniel Garc\u00eda Garc\u00eda<\/a> &#8211; Dpto. Ingenier\u00eda Mec\u00e1nica y de Materiales<\/li>\n\n\n\n<li><a href=\"https:\/\/www.upv.es\/ficha-personal\/LUIQUIC1\" target=\"_blank\" rel=\"noreferrer noopener\">Luis Jes\u00fas Quiles Carrillo<\/a> &#8211; Dpto. Ingenier\u00eda Mec\u00e1nica y de Materiales<\/li>\n\n\n\n<li><a href=\"https:\/\/www.upv.es\/ficha-personal\/ensanpac\">Enrique Jos\u00e9 Sanchis Pacheco<\/a> &#8211; Dpto. M\u00e1quinas y Motores T\u00e9rmicos<\/li>\n\n\n\n<li><a href=\"https:\/\/www.upv.es\/ficha-personal\/jsegura\">Jorge Gabriel Segura Alcaraz<\/a> &#8211; Dpto. Mec\u00e1nica de los Medios Continuos y Teor\u00eda de Estructuras<\/li>\n\n\n\n<li><a href=\"https:\/\/www.upv.es\/ficha-personal\/sergarc9\">Sergio Garc\u00eda Carrasco<\/a> &#8211; Dpto. Ingenier\u00eda Mec\u00e1nica y de Materiales<\/li>\n\n\n\n<li><a href=\"https:\/\/www.upv.es\/ficha-personal\/mjreival\">Miguel Jorge Reig Valor<\/a> &#8211; Universitat Polit\u00e8cnica de Val\u00e8ncia<\/li>\n\n\n\n<li><a href=\"https:\/\/www.upv.es\/ficha-personal\/sermonjo\">Sergi Montava Jord\u00e1<\/a> &#8211; Dpto. Ingenier\u00eda Mec\u00e1nica y de Materiales<\/li>\n\n\n\n<li><a href=\"https:\/\/www.upv.es\/ficha-personal\/jaugoca\">Jaume G\u00f3mez Caturla<\/a> &#8211; Instituto Universitario de Investigaci\u00f3n de Tecnolog\u00eda de Materiales (IUITM)<\/li>\n\n\n\n<li><a href=\"https:\/\/www.ucb.edu.bo\/docentes\/alvizuri-tintaya-paola-andrea\/\">Paola Alvizuri<\/a> &#8211; Centro de Investigaci\u00f3n en Energ\u00eda Agua y Sostenibilidad (CINAES)<\/li>\n\n\n\n<li><a href=\"https:\/\/www.linkedin.com\/in\/iv%C3%A1n-dom%C3%ADnguez-candela-368276154\/\" target=\"_blank\" rel=\"noreferrer noopener\">Iv\u00e1n Dom\u00ednguez Candela<\/a> &#8211; Escuela Polit\u00e9cnica Superior de Alcoy<\/li>\n\n\n\n<li><a href=\"https:\/\/www.upv.es\/ficha-personal\/allobor1\">Alexis Lopez Borrell<\/a> &#8211; Instituto Universitario de Investigaci\u00f3n de Seguridad Industrial, Radiof\u00edsica y Medioambiental<\/li>\n\n\n\n<li><a href=\"https:\/\/www.upv.es\/ficha-personal\/rovilap\">Rosario Isabel Vilaplana Cerda<\/a> &#8211; Dpto. F\u00edsica Aplicada<\/li>\n\n\n\n<li><a href=\"https:\/\/www.upv.es\/ficha-personal\/soltra\" target=\"_blank\" rel=\"noreferrer noopener\">Sandra Oltra Crespo<\/a> &#8211; Dpto. Matem\u00e1tica Aplicada<\/li>\n\n\n\n<li><a href=\"https:\/\/www.upv.es\/ficha-personal\/anpemo\">Ana Isabel P\u00e9rez Molina<\/a> &#8211; Dpto. Estad\u00edstica e Investigaci\u00f3n Operativa Aplicadas y Calidad<\/li>\n\n\n\n<li><a href=\"https:\/\/www.upv.es\/ficha-personal\/BARMIVI\" target=\"_blank\" rel=\"noreferrer noopener\">Barbara Mic\u00f3 Vicent<\/a> &#8211; Dpto. Ingenier\u00eda Gr\u00e1fica<\/li>\n\n\n\n<li><a href=\"https:\/\/www.upv.es\/ficha-personal\/vijope\">Vicente Jover Peris<\/a> &#8211; Dpto. Ingenier\u00eda Gr\u00e1fica<\/li>\n\n\n\n<li><a href=\"https:\/\/www.upv.es\/ficha-personal\/dapeipa\">David Peidro Pay\u00e1<\/a> &#8211; Dpto. Organizaci\u00f3n de Empresas<\/li>\n\n\n\n<li><a href=\"https:\/\/www.upv.es\/ficha-personal\/anmenre1\">Ana Mengual Recuerda<\/a> &#8211; Dpto. Organizaci\u00f3n de Empresas<\/li>\n\n\n\n<li><a href=\"https:\/\/www.upv.es\/ficha-personal\/beaanna\">Beatriz Andres Navarro<\/a> &#8211; Dpto. Organizaci\u00f3n de Empresas<\/li>\n\n\n\n<li><a href=\"https:\/\/www.upv.es\/ficha-personal\/cablana\">Carolina Rosario Blanes Nadal<\/a> &#8211; Dpto. Econom\u00eda y Ciencias Sociales<\/li>\n\n\n\n<li><a href=\"https:\/\/www.upv.es\/ficha-personal\/mrtormar\">Maria Rocio de la Torre Martinez<\/a> &#8211; Dpto. Organizaci\u00f3n de Empresas<\/li>\n<\/ul>\n\n\n\n<div class=\"wp-block-group alignfull upv-text upv-section inverse\"><div class=\"wp-block-group__inner-container is-layout-flow wp-block-group-is-layout-flow\">\n<h1 class=\"wp-block-heading has-text-align-left section-title\">Inscripci\u00f3n<\/h1>\n\n\n\n<p>Inscr\u00edbete para poder asistir al XII Congreso&nbsp;I+D+i<br>Campus de Alcoy&nbsp;\u00abCreando&nbsp;Sinergias\u00bb<br><em>el 2 y 3&nbsp;de julio de 2025<\/em><\/p>\n\n\n\n<div class=\"wp-block-buttons is-layout-flex wp-block-buttons-is-layout-flex\">\n<div class=\"wp-block-button\"><a class=\"wp-block-button__link wp-element-button\" href=\"https:\/\/www.upv.es\/congresos\/sinerca\/como-participar\/\">C\u00f3mo participar<\/a><\/div>\n<\/div>\n<\/div><\/div>\n","protected":false},"excerpt":{"rendered":"<p>Se puede ver en este&nbsp;enlace&nbsp;los comit\u00e9s formados en las ediciones anteriores. En esta&nbsp;XIII edici\u00f3n, el comit\u00e9 lo forman los siguientes integrantes: Presidente comit\u00e9 organizador Jorge Jord\u00e1n N\u00fa\u00f1ez &#8211; Dpto. Ingenier\u00eda Gr\u00e1fica Comit\u00e9 organizador Presidente comit\u00e9 cient\u00edfico Daniel L\u00f3pez Rodr\u00edguez &#8211; [&hellip;]<\/p>\n","protected":false},"author":51,"featured_media":0,"parent":0,"menu_order":18,"comment_status":"open","ping_status":"closed","template":"","meta":{"footnotes":""},"wf_page_folders":[202],"class_list":["post-17333","page","type-page","status-publish","hentry","wf_page_folders-el-congreso"],"_links":{"self":[{"href":"https:\/\/www.upv.es\/congresos\/sinerca\/wp-json\/wp\/v2\/pages\/17333","targetHints":{"allow":["GET"]}}],"collection":[{"href":"https:\/\/www.upv.es\/congresos\/sinerca\/wp-json\/wp\/v2\/pages"}],"about":[{"href":"https:\/\/www.upv.es\/congresos\/sinerca\/wp-json\/wp\/v2\/types\/page"}],"author":[{"embeddable":true,"href":"https:\/\/www.upv.es\/congresos\/sinerca\/wp-json\/wp\/v2\/users\/51"}],"replies":[{"embeddable":true,"href":"https:\/\/www.upv.es\/congresos\/sinerca\/wp-json\/wp\/v2\/comments?post=17333"}],"version-history":[{"count":42,"href":"https:\/\/www.upv.es\/congresos\/sinerca\/wp-json\/wp\/v2\/pages\/17333\/revisions"}],"predecessor-version":[{"id":18230,"href":"https:\/\/www.upv.es\/congresos\/sinerca\/wp-json\/wp\/v2\/pages\/17333\/revisions\/18230"}],"wp:attachment":[{"href":"https:\/\/www.upv.es\/congresos\/sinerca\/wp-json\/wp\/v2\/media?parent=17333"}],"wp:term":[{"taxonomy":"wf_page_folders","embeddable":true,"href":"https:\/\/www.upv.es\/congresos\/sinerca\/wp-json\/wp\/v2\/wf_page_folders?post=17333"}],"curies":[{"name":"wp","href":"https:\/\/api.w.org\/{rel}","templated":true}]}}